{"id":1202,"date":"2023-07-27T10:00:47","date_gmt":"2023-07-27T10:00:47","guid":{"rendered":"https:\/\/eduhunterplay.com\/?post_type=product&#038;p=1202"},"modified":"2026-03-19T02:10:13","modified_gmt":"2026-03-19T02:10:13","slug":"pokecoins-passes-de-raids","status":"publish","type":"product","link":"https:\/\/eduhunterplay.com\/index.php\/product\/pokecoins-passes-de-raids\/","title":{"rendered":"POKECOINS \u2013 DISPON\u00cdVEL APENAS PARA CLIENTES INTERNACIONAIS"},"content":{"rendered":"<pre><strong>Esteja ciente de duas Coisas<\/strong>\r\n1-Esse M\u00e9todo <strong>N\u00e3o<\/strong> se utiliza Hack\r\n2-Precisarei do Acesso a Sua conta! (Email e Senha e Durante o Processo voce so poder\u00e1 entrar na sua conta quando eu Encerrar o Farm)\r\n\r\n<strong>APENAS PARA ESTRANGEIROS (N\u00c3O EXISTE MOEDA MAIS BARATO PARA QUEM COMPRA EM REAIS)<\/strong>\r\n\r\n<b>Eu pessoal solicitarei seu email e senha via whatsapp - 85 992323759<\/b><\/pre>\n","protected":false},"excerpt":{"rendered":"<p>Esteja ciente de duas Coisas 1-Esse M\u00e9todo N\u00e3o se utiliza Hack 2-Precisarei do Acesso a Sua conta! (Email e Senha e Durante o Processo voce so poder\u00e1 entrar na sua conta quando eu Encerrar o Farm) APENAS PARA ESTRANGEIROS (N\u00c3O EXISTE MOEDA MAIS BARATO PARA QUEM COMPRA EM REAIS) Eu pessoal solicitarei seu email e&#8230;<\/p>\n","protected":false},"featured_media":1190,"comment_status":"open","ping_status":"closed","template":"","meta":{"_kadence_starter_templates_imported_post":false,"_kad_post_transparent":"default","_kad_post_title":"","_kad_post_layout":"default","_kad_post_sidebar_id":"","_kad_post_content_style":"default","_kad_post_vertical_padding":"default","_kad_post_feature":"","_kad_post_feature_position":"","_kad_post_header":false,"_kad_post_footer":false,"_joinchat":[]},"product_brand":[],"product_cat":[24],"product_tag":[],"class_list":{"0":"post-1202","1":"product","2":"type-product","3":"status-publish","4":"has-post-thumbnail","6":"product_cat-servicos","8":"first","9":"outofstock","10":"taxable","11":"shipping-taxable","12":"product-type-variable","13":"entry","14":"content-bg","15":"loop-entry"},"_links":{"self":[{"href":"https:\/\/eduhunterplay.com\/index.php\/wp-json\/wp\/v2\/product\/1202"}],"collection":[{"href":"https:\/\/eduhunterplay.com\/index.php\/wp-json\/wp\/v2\/product"}],"about":[{"href":"https:\/\/eduhunterplay.com\/index.php\/wp-json\/wp\/v2\/types\/product"}],"replies":[{"embeddable":true,"href":"https:\/\/eduhunterplay.com\/index.php\/wp-json\/wp\/v2\/comments?post=1202"}],"wp:featuredmedia":[{"embeddable":true,"href":"https:\/\/eduhunterplay.com\/index.php\/wp-json\/wp\/v2\/media\/1190"}],"wp:attachment":[{"href":"https:\/\/eduhunterplay.com\/index.php\/wp-json\/wp\/v2\/media?parent=1202"}],"wp:term":[{"taxonomy":"product_brand","embeddable":true,"href":"https:\/\/eduhunterplay.com\/index.php\/wp-json\/wp\/v2\/product_brand?post=1202"},{"taxonomy":"product_cat","embeddable":true,"href":"https:\/\/eduhunterplay.com\/index.php\/wp-json\/wp\/v2\/product_cat?post=1202"},{"taxonomy":"product_tag","embeddable":true,"href":"https:\/\/eduhunterplay.com\/index.php\/wp-json\/wp\/v2\/product_tag?post=1202"}],"curies":[{"name":"wp","href":"https:\/\/api.w.org\/{rel}","templated":true}]}}