{"id":1886,"date":"2023-08-24T16:19:04","date_gmt":"2023-08-24T16:19:04","guid":{"rendered":"https:\/\/eduhunterplay.com\/?post_type=product&#038;p=1886"},"modified":"2026-03-19T02:11:58","modified_gmt":"2026-03-19T02:11:58","slug":"raids-para-voce","status":"publish","type":"product","link":"https:\/\/eduhunterplay.com\/index.php\/product\/raids-para-voce\/","title":{"rendered":"RAIDS PARA VOCE"},"content":{"rendered":"<pre><strong>Esteja ciente de duas Coisas<\/strong>\r\n1-Esse M\u00e9todo Usa Hack na Sua Conta (Detalhe Uso o Hack mais seguro do Mercado para fazer a Melhoria em sua Conta e N\u00e3o Existe Relato de banimento com esse M\u00e9todo!)\r\n2-Precisarei do Acesso a Sua conta! (Email e Senha e Durante o Processo voce so poder\u00e1 entrar na sua conta quando eu Encerrar o Farm)\r\n\r\n<b>Como funciona:\r\n<\/b>eu pessoalmente entrarei na sua conta e farei todas as Raids que voce precisar para voce.\r\n<b>Usarei seus passes de Raid\r\n\r\nEu pessoal solicitarei seu email e senha via whatsapp - 85 992323759\r\n\r\n<\/b><\/pre>\n<p>&nbsp;<\/p>\n","protected":false},"excerpt":{"rendered":"<p>Esteja ciente de duas Coisas 1-Esse M\u00e9todo Usa Hack na Sua Conta (Detalhe Uso o Hack mais seguro do Mercado para fazer a Melhoria em sua Conta e N\u00e3o Existe Relato de banimento com esse M\u00e9todo!) 2-Precisarei do Acesso a Sua conta! (Email e Senha e Durante o Processo voce so poder\u00e1 entrar na sua&#8230;<\/p>\n","protected":false},"featured_media":1893,"comment_status":"open","ping_status":"closed","template":"","meta":{"_kadence_starter_templates_imported_post":false,"_kad_post_transparent":"default","_kad_post_title":"","_kad_post_layout":"default","_kad_post_sidebar_id":"","_kad_post_content_style":"default","_kad_post_vertical_padding":"default","_kad_post_feature":"","_kad_post_feature_position":"","_kad_post_header":false,"_kad_post_footer":false,"_joinchat":[]},"product_brand":[],"product_cat":[82,24],"product_tag":[],"class_list":{"0":"post-1886","1":"product","2":"type-product","3":"status-publish","4":"has-post-thumbnail","6":"product_cat-farm","7":"product_cat-servicos","9":"first","10":"instock","11":"taxable","12":"shipping-taxable","13":"purchasable","14":"product-type-variable","15":"entry","16":"content-bg","17":"loop-entry"},"_links":{"self":[{"href":"https:\/\/eduhunterplay.com\/index.php\/wp-json\/wp\/v2\/product\/1886"}],"collection":[{"href":"https:\/\/eduhunterplay.com\/index.php\/wp-json\/wp\/v2\/product"}],"about":[{"href":"https:\/\/eduhunterplay.com\/index.php\/wp-json\/wp\/v2\/types\/product"}],"replies":[{"embeddable":true,"href":"https:\/\/eduhunterplay.com\/index.php\/wp-json\/wp\/v2\/comments?post=1886"}],"wp:featuredmedia":[{"embeddable":true,"href":"https:\/\/eduhunterplay.com\/index.php\/wp-json\/wp\/v2\/media\/1893"}],"wp:attachment":[{"href":"https:\/\/eduhunterplay.com\/index.php\/wp-json\/wp\/v2\/media?parent=1886"}],"wp:term":[{"taxonomy":"product_brand","embeddable":true,"href":"https:\/\/eduhunterplay.com\/index.php\/wp-json\/wp\/v2\/product_brand?post=1886"},{"taxonomy":"product_cat","embeddable":true,"href":"https:\/\/eduhunterplay.com\/index.php\/wp-json\/wp\/v2\/product_cat?post=1886"},{"taxonomy":"product_tag","embeddable":true,"href":"https:\/\/eduhunterplay.com\/index.php\/wp-json\/wp\/v2\/product_tag?post=1886"}],"curies":[{"name":"wp","href":"https:\/\/api.w.org\/{rel}","templated":true}]}}