{"id":2265,"date":"2023-10-07T16:11:17","date_gmt":"2023-10-07T16:11:17","guid":{"rendered":"https:\/\/eduhunterplay.com\/?post_type=product&#038;p=2265"},"modified":"2026-04-24T18:03:01","modified_gmt":"2026-04-24T18:03:01","slug":"mewtwo-armored","status":"publish","type":"product","link":"https:\/\/eduhunterplay.com\/index.php\/product\/mewtwo-armored\/","title":{"rendered":"Mewtwo Armored (N\u00e3o Shiny) Ultimas Unidades"},"content":{"rendered":"<pre>Voce trocar\u00e1 diretamente comigo! \r\nFique ciente que se voce comprar a Troca Imediata \u00e9 feito no mesmo dia \r\nPorem voce ter\u00e1 que ter pelo menos o Snorlax Registrado na Sua Conta!<\/pre>\n","protected":false},"excerpt":{"rendered":"<p>Voce trocar\u00e1 diretamente comigo! Fique ciente que se voce comprar a Troca Imediata \u00e9 feito no mesmo dia Porem voce ter\u00e1 que ter pelo menos o Snorlax Registrado na Sua Conta!<\/p>\n","protected":false},"featured_media":2266,"comment_status":"open","ping_status":"closed","template":"","meta":{"_kadence_starter_templates_imported_post":false,"_kad_post_transparent":"default","_kad_post_title":"","_kad_post_layout":"default","_kad_post_sidebar_id":"","_kad_post_content_style":"default","_kad_post_vertical_padding":"default","_kad_post_feature":"","_kad_post_feature_position":"","_kad_post_header":false,"_kad_post_footer":false,"_joinchat":[]},"product_brand":[],"product_cat":[25],"product_tag":[],"class_list":{"0":"post-2265","1":"product","2":"type-product","3":"status-publish","4":"has-post-thumbnail","6":"product_cat-shiny","8":"first","9":"instock","10":"taxable","11":"shipping-taxable","12":"purchasable","13":"product-type-simple","14":"entry","15":"content-bg","16":"loop-entry"},"_links":{"self":[{"href":"https:\/\/eduhunterplay.com\/index.php\/wp-json\/wp\/v2\/product\/2265"}],"collection":[{"href":"https:\/\/eduhunterplay.com\/index.php\/wp-json\/wp\/v2\/product"}],"about":[{"href":"https:\/\/eduhunterplay.com\/index.php\/wp-json\/wp\/v2\/types\/product"}],"replies":[{"embeddable":true,"href":"https:\/\/eduhunterplay.com\/index.php\/wp-json\/wp\/v2\/comments?post=2265"}],"wp:featuredmedia":[{"embeddable":true,"href":"https:\/\/eduhunterplay.com\/index.php\/wp-json\/wp\/v2\/media\/2266"}],"wp:attachment":[{"href":"https:\/\/eduhunterplay.com\/index.php\/wp-json\/wp\/v2\/media?parent=2265"}],"wp:term":[{"taxonomy":"product_brand","embeddable":true,"href":"https:\/\/eduhunterplay.com\/index.php\/wp-json\/wp\/v2\/product_brand?post=2265"},{"taxonomy":"product_cat","embeddable":true,"href":"https:\/\/eduhunterplay.com\/index.php\/wp-json\/wp\/v2\/product_cat?post=2265"},{"taxonomy":"product_tag","embeddable":true,"href":"https:\/\/eduhunterplay.com\/index.php\/wp-json\/wp\/v2\/product_tag?post=2265"}],"curies":[{"name":"wp","href":"https:\/\/api.w.org\/{rel}","templated":true}]}}