{"id":4284,"date":"2025-01-14T07:59:54","date_gmt":"2025-01-14T07:59:54","guid":{"rendered":"https:\/\/eduhunterplay.com\/?post_type=product&#038;p=4284"},"modified":"2025-12-30T13:52:56","modified_gmt":"2025-12-30T13:52:56","slug":"galarian-articuno-shiny","status":"publish","type":"product","link":"https:\/\/eduhunterplay.com\/index.php\/product\/galarian-articuno-shiny\/","title":{"rendered":"GALARIAN ARTICUNO SHINY"},"content":{"rendered":"<pre>Voce trocar\u00e1 diretamente comigo! \r\nFique ciente que se voce comprar a Troca Imediata voce Precisa ter 1 Milh\u00e3o de stardust Na Registrada \r\nVoce tem que ter pelo menos Um unown Shiny j\u00e1 na Sua conta assim a troca sai mais barata! \r\nLembrando que o CP do pokemon ele se altera o Cp da imagem \u00e9 demonstrativa!<\/pre>\n","protected":false},"excerpt":{"rendered":"<p>Voce trocar\u00e1 diretamente comigo! Fique ciente que se voce comprar a Troca Imediata voce Precisa ter 1 Milh\u00e3o de stardust Na Registrada Voce tem que ter pelo menos Um unown Shiny j\u00e1 na Sua conta assim a troca sai mais barata! Lembrando que o CP do pokemon ele se altera o Cp da imagem \u00e9&#8230;<\/p>\n","protected":false},"featured_media":4285,"comment_status":"open","ping_status":"closed","template":"","meta":{"_kadence_starter_templates_imported_post":false,"_kad_post_transparent":"default","_kad_post_title":"","_kad_post_layout":"default","_kad_post_sidebar_id":"","_kad_post_content_style":"default","_kad_post_vertical_padding":"default","_kad_post_feature":"","_kad_post_feature_position":"","_kad_post_header":false,"_kad_post_footer":false,"_joinchat":[]},"product_brand":[],"product_cat":[25],"product_tag":[],"class_list":{"0":"post-4284","1":"product","2":"type-product","3":"status-publish","4":"has-post-thumbnail","6":"product_cat-shiny","8":"first","9":"outofstock","10":"sale","11":"taxable","12":"shipping-taxable","13":"purchasable","14":"product-type-simple","15":"entry","16":"content-bg","17":"loop-entry"},"_links":{"self":[{"href":"https:\/\/eduhunterplay.com\/index.php\/wp-json\/wp\/v2\/product\/4284"}],"collection":[{"href":"https:\/\/eduhunterplay.com\/index.php\/wp-json\/wp\/v2\/product"}],"about":[{"href":"https:\/\/eduhunterplay.com\/index.php\/wp-json\/wp\/v2\/types\/product"}],"replies":[{"embeddable":true,"href":"https:\/\/eduhunterplay.com\/index.php\/wp-json\/wp\/v2\/comments?post=4284"}],"wp:featuredmedia":[{"embeddable":true,"href":"https:\/\/eduhunterplay.com\/index.php\/wp-json\/wp\/v2\/media\/4285"}],"wp:attachment":[{"href":"https:\/\/eduhunterplay.com\/index.php\/wp-json\/wp\/v2\/media?parent=4284"}],"wp:term":[{"taxonomy":"product_brand","embeddable":true,"href":"https:\/\/eduhunterplay.com\/index.php\/wp-json\/wp\/v2\/product_brand?post=4284"},{"taxonomy":"product_cat","embeddable":true,"href":"https:\/\/eduhunterplay.com\/index.php\/wp-json\/wp\/v2\/product_cat?post=4284"},{"taxonomy":"product_tag","embeddable":true,"href":"https:\/\/eduhunterplay.com\/index.php\/wp-json\/wp\/v2\/product_tag?post=4284"}],"curies":[{"name":"wp","href":"https:\/\/api.w.org\/{rel}","templated":true}]}}