{"id":5457,"date":"2025-12-31T14:39:18","date_gmt":"2025-12-31T14:39:18","guid":{"rendered":"https:\/\/eduhunterplay.com\/?post_type=product&#038;p=5457"},"modified":"2025-12-31T18:33:52","modified_gmt":"2025-12-31T18:33:52","slug":"conta-70-80-blue-mega-genga-shiny-rushado","status":"publish","type":"product","link":"https:\/\/eduhunterplay.com\/index.php\/product\/conta-70-80-blue-mega-genga-shiny-rushado\/","title":{"rendered":"CONTA 76 &#8211; 80 BLUE &#8211; MEGA GENGA SHINY RUSHADO"},"content":{"rendered":"<pre>Total Xp: 295 + milhoes \r\nTotal Platinas: 38 Platinas\r\nStardust: 3.9 MILHOES\r\nVideo da Conta: <a href=\"https:\/\/youtube.com\/shorts\/v89-vitvhVM\" target=\"_blank\" rel=\"noopener\">https:\/\/youtube.com\/shorts\/v89-vitvhVM<\/a><\/pre>\n<pre><strong>Pokemon 100%:<\/strong> 228\r\n<strong>Shiny:<\/strong> 101\r\n<strong>Shundo:<\/strong> 4\r\n<strong>Total de Dinamax:<\/strong> 23\r\n<strong>Total de Gigamax:<\/strong> 2\r\n<strong>Total de Lend\u00e1rio, M\u00edtico , Ultra Criaturas:<\/strong> 129\r\n<strong>Total de Lend\u00e1rio, M\u00edtico , Ultra Criaturas(SHINY):<\/strong> 11\r\n<strong>Bolsa de Itens:<\/strong> 2000\r\n<strong>Bolsa de Pokemon:<\/strong> 925\r\n\r\n<strong>\r\nTEM TROCA DE NICK DISPONIVEL<\/strong><\/pre>\n","protected":false},"excerpt":{"rendered":"<p>Total Xp: 295 + milhoes Total Platinas: 38 Platinas Stardust: 3.9 MILHOES Video da Conta: https:\/\/youtube.com\/shorts\/v89-vitvhVM Pokemon 100%: 228 Shiny: 101 Shundo: 4 Total de Dinamax: 23 Total de Gigamax: 2 Total de Lend\u00e1rio, M\u00edtico , Ultra Criaturas: 129 Total de Lend\u00e1rio, M\u00edtico , Ultra Criaturas(SHINY): 11 Bolsa de Itens: 2000 Bolsa de Pokemon: 925&#8230;<\/p>\n","protected":false},"featured_media":5458,"comment_status":"open","ping_status":"closed","template":"","meta":{"_kadence_starter_templates_imported_post":false,"_kad_post_transparent":"default","_kad_post_title":"","_kad_post_layout":"default","_kad_post_sidebar_id":"","_kad_post_content_style":"default","_kad_post_vertical_padding":"default","_kad_post_feature":"","_kad_post_feature_position":"","_kad_post_header":false,"_kad_post_footer":false,"_joinchat":[]},"product_brand":[],"product_cat":[26],"product_tag":[27,28,29],"class_list":{"0":"post-5457","1":"product","2":"type-product","3":"status-publish","4":"has-post-thumbnail","6":"product_cat-contaspokemongo","7":"product_tag-conta-pokemon","8":"product_tag-pokemon-go","9":"product_tag-pokemon-go-contas","11":"first","12":"instock","13":"sale","14":"virtual","15":"taxable","16":"purchasable","17":"product-type-simple","18":"entry","19":"content-bg","20":"loop-entry"},"_links":{"self":[{"href":"https:\/\/eduhunterplay.com\/index.php\/wp-json\/wp\/v2\/product\/5457"}],"collection":[{"href":"https:\/\/eduhunterplay.com\/index.php\/wp-json\/wp\/v2\/product"}],"about":[{"href":"https:\/\/eduhunterplay.com\/index.php\/wp-json\/wp\/v2\/types\/product"}],"replies":[{"embeddable":true,"href":"https:\/\/eduhunterplay.com\/index.php\/wp-json\/wp\/v2\/comments?post=5457"}],"wp:featuredmedia":[{"embeddable":true,"href":"https:\/\/eduhunterplay.com\/index.php\/wp-json\/wp\/v2\/media\/5458"}],"wp:attachment":[{"href":"https:\/\/eduhunterplay.com\/index.php\/wp-json\/wp\/v2\/media?parent=5457"}],"wp:term":[{"taxonomy":"product_brand","embeddable":true,"href":"https:\/\/eduhunterplay.com\/index.php\/wp-json\/wp\/v2\/product_brand?post=5457"},{"taxonomy":"product_cat","embeddable":true,"href":"https:\/\/eduhunterplay.com\/index.php\/wp-json\/wp\/v2\/product_cat?post=5457"},{"taxonomy":"product_tag","embeddable":true,"href":"https:\/\/eduhunterplay.com\/index.php\/wp-json\/wp\/v2\/product_tag?post=5457"}],"curies":[{"name":"wp","href":"https:\/\/api.w.org\/{rel}","templated":true}]}}